h - 80 = 0, -41 = 3*r - 2*h. Let m = -6 - r. Let s(i) = i**2 + 5*i - 9. Calculate the remainder when s(-10) is divided by m.
8
Suppose 0 = -3*o + 21. Suppose -o*n = -4*n - 54. What is the remainder when 71 is divided by n?
17
Let p be 88/20*(5 - 0). Let n be 4/p + (-4)/22. Suppose 4*u - 61 + 21 = n. What is the remainder when 28 is divided by u?
8
Let q = 33 + -16. Let o = -190 + 298. Let m = o + -60. Calculate the remainder when m is divided by q.
14
Let g(f) = 2*f**2 + 9*f + 3. What is the remainder when g(-5) is divided by 5?
3
Let f be 938/42 + (-4)/(-6). Let i = f + -16. What is the remainder when 13 is divided by i?
6
Suppose 3*t = -t + 52. Suppose 4*r - 81 = -t. Suppose 27 = m + 2*m. Calculate the remainder when r is divided by m.
8
Let l = 25 - -18. Calculate the remainder when l is divided by 9.
7
Let t(b) = b**2 + 3*b + 3. Let s be t(-3). Let x = 2 - -3. Suppose 21 = 3*v + x*k, -v = 3*v - s*k + 1. Calculate the remainder when v is divided by 1.
0
Let h(u) = u**3 - 3*u**2 - 11*u + 2. Let k be h(5). Suppose -8*w = -3*w + 5. Let i = w - k. What is the remainder when 5 is divided by i?
1
Suppose -t + 5*q - 18 = -6, -t + 28 = 3*q. Let v be ((-14)/(-4))/((-1)/4). Let j = v + 51. Calculate the remainder when j is divided by t.
11
Let w(x) = 7*x + 2. Let a be w(4). Let h = a - 0. Calculate the remainder when h is divided by 8.
6
Suppose 5*g + m - 29 = 12, 5*g + 5*m - 45 = 0. Calculate the remainder when 94 is divided by g.
6
Let l be 0 + -6*4/(-6). What is the remainder when (780/10)/(l/2) is divided by 14?
11
Let g = 9 - -2. Let j = -17 + g. Calculate the remainder when j/(-21) - (-201)/7 is divided by 15.
14
Calculate the remainder when 54 is divided by ((-23)/(-5) + 1)/(8/20).
12
Let z = 152 - 129. Calculate the remainder when 32 is divided by z.
9
Suppose 5*y + 5*d = -5, 2*y + 0*y = 2*d + 10. Suppose y*i = i. Suppose -l - b + 45 = i, -4*l - b = -2*b - 165. What is the remainder when l is divided by 11?
9
Let v(z) = -z**3 + 7*z**2 - 6*z + 6. What is the remainder when v(5) is divided by 7?
5
Let a(f) = -f**3 + 4*f**2 + 3*f + 1. Let o(n) = 3*n**3 - 8*n**2 - 6*n - 2. Let w(d) = -5*a(d) - 2*o(d). Calculate the remainder when 20 is divided by w(-4).
9
Suppose -63 + 43 = -2*s. Suppose 2*g - 3*g - 74 = -2*d, 0 = 2*d - 2*g - 74. What is the remainder when d is divided by s?
7
Suppose -10 = 3*b - 52. What is the remainder when 237 is divided by b?
13
Let g(f) = f**3 - 9*f**2 - 9*f + 7. Calculate the remainder when 65 is divided by g(10).
14
Let y(h) = -h**2 + 7*h - 3. Let s be y(6). Let n(x) = -x**3 + 8*x**2 + 10*x - 11. Let i be n(9). Calculate the remainder when 27 is divided by 14/((i + s)/1).
13
Let k(i) = i + 67. What is the remainder when k(0) is divided by 17?
16
Let d = 1 + 60. Let a be 162/4*8/12. Let o = a - 11. Calculate the remainder when d is divided by o.
13
Suppose h = 5*h. Let t be (-6 - h)/(6/(-4)). Suppose z - 2 - 6 = -5*q, t*z = -2*q + 32. Calculate the remainder when 15 is divided by z.
7
Let h(y) = -5*y + 7. What is the remainder when 69 is divided by h(-6)?
32
Let t(y) = -y**3 - 3*y**2 - 2*y - 4. Let d be t(-3). Suppose 5 = d*h - 13. Calculate the remainder when 35 is divided by h.
8
Let c be 3 + 30 + (0 - -2). Suppose -j - 5*m = -5*j + c, m = -3*j + 31. Calculate the remainder when 19 is divided by j.
9
Let h = 12 - 6. Suppose 27 = 4*y - 2*s + 5, -25 = 5*s. Let b = y + h. What is the remainder when 25 is divided by b?
7
Let t = 38 + -27. Suppose -q - 3 = 1. What is the remainder when t is divided by (-2)/q*(19 + -7)?
5
Let p = -7 - -10. Calculate the remainder when p is divided by 2 + 0/(6/2).
1
Let w = -4 + 6. Suppose w*k - 44 = -2*k. What is the remainder when k is divided by 3?
2
Let l(h) = -h**2 + 9*h + 3. Let w be l(8). Let x(b) = b**2 - 8*b - 15. Calculate the remainder when x(w) is divided by 7.
4
Let j(u) = u + 22. Let o = 2 - -31. What is the remainder when j(0) is divided by 4/(-22) + 270/o?
6
Let w(j) = -j**3 + 7*j**2 - 2*j. Let h be w(5). Suppose c + 4*c = 4*i - 78, -2*i = -3*c - h. Calculate the remainder when i is divided by 5.
2
Let s(y) = y - 1. Suppose 0 = -4*j + j + 6. Let l(r) = 7*r + 1. Let o(k) = j*s(k) + l(k). Calculate the remainder when o(6) is divided by 18.
17
Suppose 4*i - 4 = 0, -2*j + 7*j = -4*i + 14. Suppose -v + 29 - j = 0. Calculate the remainder when v is divided by 14.
13
Let o(a) = 17*a - 10. Suppose -3*m = m - 92. Suppose m = 2*y - 17. What is the remainder when o(4) is divided by y?
18
Let n = 2 + -6. What is the remainder when (n/(-4))/(1/2) is divided by 2?
0
Let o(z) = -2*z - 16. Let j be (-69)/6 + 3/6. What is the remainder when o(j) is divided by 4?
2
Let n be ((-7)/2)/(1/(-2)). Suppose n*g - 3*g + 36 = 4*h, 4*h = -3*g + 15. What is the remainder when (22/4)/(3/(-12)*-2) is divided by h?
5
Let q(s) = -s - 2. Let g be q(-4). Suppose 0 = 2*u - g, -2*y + 2*u = -7*y + 62. Suppose 0 = -8*c + 4*c + 88. Calculate the remainder when c is divided by y.
10
Suppose 244 = -2*w - 2*w. Calculate the remainder when (w/(-1))/(2 - 1) is divided by (-1)/(-2) - (-4)/((-16)/(-82)).
19
Suppose -4*u - 12 = 3*q - 57, -4*q + 53 = 3*u. Suppose -11 = -5*y + 4. Let k(t) = t + 1. What is the remainder when q is divided by k(y)?
3
Suppose -u + 21 = 3. Let s = 41 + 11. Calculate the remainder when s is divided by u.
16
Let q(u) = 2*u**3 - 2*u + 11. What is the remainder when 20 is divided by q(0)?
9
Suppose 0 = 4*p - 16, 2*f + 0*p - 8 = -2*p. Suppose f = -3*m - 2*m + 130. What is the remainder when m is divided by (1 - 1) + 13 + 1?
12
Suppose 0 = -2*q + 9 + 5. Calculate the remainder when 20 is divided by q.
6
Suppose -2*u + 22 = -w, 4*w + 63 = 5*u - 16. What is the remainder when 28 is divided by 92/16 - (-12)/w?
3
Let k(i) be the third derivative of i**4/24 - i**3/6 - 3*i**2. Let c = 44 + -25. What is the remainder when c is divided by k(6)?
4
Let i(w) = -5*w**2 - 4*w + 4. Let z be i(3). Let a = -30 - z. Suppose 0*l = l - 8. Calculate the remainder when a is divided by l.
7
Let g(o) = o**2 - 9*o + 25. What is the remainder when g(14) is divided by 16?
15
Let s(w) = w + 24. Calculate the remainder when 41 is divided by s(-10).
13
Suppose 9 + 43 = 2*v. Calculate the remainder when v is divided by 14.
12
Let o be 7/2 + (-1)/2. Suppose -a + 32 = 2*m + o*a, -2*a - 14 = -4*m. Let w(n) = 12*n**2 - 1. Calculate the remainder when w(-1) is divided by m.
5
Let z(d) = 8*d**2 + d. Suppose 0 = -i - 4 + 1. Let y be 0*3/i - -1. What is the remainder when 16 is divided by z(y)?
7
Let f = -11 - -19. Let t be 2/(-9) + (-194)/18. Let p = 25 + t. What is the remainder when p is divided by f?
6
Let j(l) = l**3 + 10*l**2 + 4*l - 19. Suppose -s = -3*s + 152. Calculate the remainder when s is divided by j(-9).
24
Suppose 4*a = -5*d + a - 63, 3*d - 3*a = -57. Let w = d - -32. Let s = w + -8. Calculate the remainder when 25 is divided by s.
7
Let f(o) = -3*o**3 + 20*o**2 - 33*o. Let c(v) = v**3 - 7*v**2 + 11*v. Let b(j) = -7*c(j) - 2*f(j). Calculate the remainder when b(6) is divided by 11.
9
Suppose -4*y + 0 = -4. Let v(x) = 30*x**3 + x**2. What is the remainder when v(y) is divided by 4*3/12*11?
9
Let u = -17 - -35. Let p(s) = s**3 + 10*s**2 - 4*s + 12. What is the remainder when p(-10) is divided by u?
16
Let a = 31 - 18. Calculate the remainder when 47 is divided by a.
8
Let o(y) = -y + 3. Let j = 48 + -122. Calculate the remainder when (-1 + -1)*j/4 is divided by o(-10).
11
Suppose 2*c = -c - 3*h + 51, -3*c = 2*h - 49. Let m be (55 - -1) + -2 + 2. Let l = -27 + m. Calculate the remainder when l is divided by c.
14
Let k(a) = 7*a - 12. Calculate the remainder when k(3) is divided by 4.
1
Let y = 10 + -8. Suppose -94 = -2*x + y*h, -x - 2*h + 22 = 2*h. What is the remainder when x is divided by 15?
12
Let t(z) = z**2 - 7*z + 9. Let c = -20 + 28. Let p(m) = m**3 - 5*m**2 + 5*m + 2. What is the remainder when t(c) is divided by p(4)?
5
Calculate the remainder when 2 + 16/(-6) - 304/(-6) is divided by 17.
16
Let a = 8 + -3. Calculate the remainder when (-3)/(-4) + 195/12 is divided by a.
2
Suppose u = -6 + 16. Let n(o) be the third derivative of -o**4/24 + o**3 - 2*o**2. Calculate the remainder when u is divided by n(0).
4
Let f = 14 - 18. Calculate the remainder when f/16 + 37/4 is divided by 6.
3
Calculate the remainder when -2 +